s of b.
311
Let f(y) = -y - 7. Let u(d) = -d - 7. Let z(g) = -5*f(g) + 4*u(g). Let v be z(16). Suppose -v + 738 = 5*n. List the prime factors of n.
11, 13
Suppose 0 = -14*z + 4*z + 690. Suppose 2*p + 17 = -z. Let k = 28 - p. What are the prime factors of k?
71
Let a(p) = -p**3 + 101*p**2 + 356*p - 644. List the prime factors of a(102).
2, 1579
Let q(z) = 36*z**3 + 5*z**2 + 5*z - 26. List the prime factors of q(6).
2, 5, 199
Let p(x) = -x**2 + 4*x + 7. Let d be p(5). Suppose -5*s + 5 = 0, 0 = z - 0*z - d*s - 12. Let c(i) = i - 12. List the prime factors of c(z).
2
Let w(l) = l**3 - 30*l**2 + 202*l - 35. Let c be w(20). Let i(h) = h + 196. Let g be i(0). Suppose c*o + 1 = g. What are the prime factors of o?
3, 13
Suppose -2543251 = -85*y + 39802 - 28803. What are the prime factors of y?
2, 5, 601
Suppose -9*b + 42 = -7*b. Let x = -13 + b. Suppose -2*g = -2*l - 38 - x, -4*l = -2*g + 56. What are the prime factors of g?
2, 3
Let m be (-1014)/(-10) + 22/(-55). Suppose -3*y = -m - 37. What are the prime factors of y?
2, 23
List the prime factors of (-1 - -3752) + (37 - 19) + -26.
19, 197
What are the prime factors of (2316/12)/((-6)/(-1050))?
5, 7, 193
Let n = 17075 - -20290. What are the prime factors of n?
3, 5, 47, 53
Let j(b) = -9980*b + 1938. What are the prime factors of j(-2)?
2, 10949
Let d(w) = 3*w**2 + 250*w + 2210. List the prime factors of d(-108).
2, 5101
Let r be 1/2 - (-28)/16*2. Suppose 2547 = r*o - y, -4*y = -2*o + 1760 - 504. List the prime factors of o.
2, 11, 29
Suppose -5*b + 72456 = -287029. List the prime factors of b.
7, 10271
Let b = 53981 + -34918. What are the prime factors of b?
11, 1733
Suppose 107*b + 21*b - 478848 = 0. List the prime factors of b.
3, 29, 43
Let i be 0/(-2 - 0/(-6)). Suppose -w - 2*p = -224, 2*w + i*p - 480 = 4*p. What are the prime factors of w?
2, 29
Let j = -64546 - -104050. What are the prime factors of j?
2, 3, 823
Suppose 173*t - 174*t + 4*k = -21987, 43919 = 2*t + 3*k. List the prime factors of t.
11, 1997
Let g(r) = 5396*r - 18666. What are the prime factors of g(17)?
2, 7, 17, 307
Suppose 98*v + 73*v + 14*v - 4755240 = 0. What are the prime factors of v?
2, 3, 7, 17
Let d = -1178 - -10278. List the prime factors of d.
2, 5, 7, 13
Suppose 2*h + 3*p - 63433 = -2*p, -h - 2*p + 31719 = 0. What are the prime factors of h?
31729
Let v be (56/5 + 2)*14410/33. Suppose -77*s - v = -81*s. What are the prime factors of s?
11, 131
Let j(y) = 48*y**2 - 29*y - 5. Let n(b) = -15*b**2 + 9*b + 2. Let p(c) = -2*j(c) - 7*n(c). What are the prime factors of p(3)?
2, 31
List the prime factors of 1 + (-599718)/(-70) + 6/(-15).
2, 3, 7, 17
Let d be 9/(3 + 0) - -294. Let x = d + -72. What are the prime factors of x?
3, 5
Suppose -192*m + 7121849 + 493483 = 7*m. What are the prime factors of m?
2, 3, 1063
Suppose 0 = -5*o + p - 54 + 476, 3*p + 342 = 4*o. Let q = 91 - o. Suppose -5*b - 70 = -q*b. List the prime factors of b.
5, 7
Let j = -927 + 1575. Suppose -3*b = -5*b + j. List the prime factors of b.
2, 3
Let q be ((-10)/(-15) - 0)/(3/(-45)). List the prime factors of 6/(-10) - -4*(-154)/q.
61
Let m be 3175/5 + (-2 - 0/(-6)). Let v = -380 + m. List the prime factors of v.
11, 23
Suppose -2*v + 21366 = -4*i, -10*i = -4*v - 12*i + 42782. List the prime factors of v.
17, 37
Let x = 217 + -206. Suppose x*r = 2*p + 14*r - 738, 0 = -5*p + 5*r + 1895. What are the prime factors of p?
3, 5
Let f = 3526 + 1089. What are the prime factors of f?
5, 13, 71
Let v(k) = 2*k**3 - 16*k**2 + 14*k - 1. Let x be v(7). What are the prime factors of (8805/25 - x/(-5)) + 2?
2, 3, 59
Let o(i) = -98*i**2 - 4*i - 4. Let a be o(-1). What are the prime factors of 5000/14 - (-14)/a?
3, 7, 17
Suppose 4*h - 18392 = -5*j + 6965, -4*h - 3*j = -25339. What are the prime factors of h?
2, 7, 113
Let q(s) = 2*s**2 - 30. Let y be q(-13). Let r = y - 219. Suppose -r = -5*p + 81. What are the prime factors of p?
2, 17
Let i(y) = 20*y + 14. Let t(z) = 119*z + 81. Let c(j) = -238*j - 163. Let q(f) = 3*c(f) + 5*t(f). Let r(m) = 35*i(m) + 6*q(m). List the prime factors of r(-4).
2, 3, 7
Let b = 189 + -185. Suppose 0 = d + 3*j - 407, -5*d = b*j - 7*j - 2125. What are the prime factors of d?
2, 211
Let d = -10660 - -21231. List the prime factors of d.
11, 31
Suppose -2*i = 2*i - 2*b - 26, -2*b - 6 = 0. Suppose i*f + 2*v = 2714, v - 2 + 549 = f. What are the prime factors of f?
2, 17
Suppose -3*v + 5*u = -75416, 106 - 25218 = -v + 5*u. What are the prime factors of v?
2, 3, 131
Let q = -195 - -224. Suppose 0 = -4*b - 5*k + 5952, -q*k = -2*b - 27*k + 2976. What are the prime factors of b?
2, 3, 31
Suppose -6*m - 42 = 6. Let s(a) = -2*a**3 - 5*a**2 - 16*a - 1. What are the prime factors of s(m)?
3, 277
Suppose 0*l - 24 = -l + 5*r, 0 = l + 2*r + 11. Let y(z) = -153*z**3 + 5*z + 4. What are the prime factors of y(l)?
2, 19
Suppose -2*o - 23 = -203. List the prime factors of (100/o)/(1/(-42))*-3.
2, 5, 7
Let v be -22*2/(-4) + -1. Let p = -1042 + 1053. Suppose v*j + 40 = p*j. What are the prime factors of j?
2, 5
Suppose -w = -5*k - 48, -2*k + 240 = 5*w - 5*k. Let f be (-72)/126 + w/(-14). What are the prime factors of -4*(-2 + 4 - (-121)/f)?
113
Suppose -3*k = -5*k. Suppose k = -8*s - 96 + 1416. Suppose m + 3*a + 171 = 5*m, 0 = -4*m + 5*a + s. List the prime factors of m.
3, 5
Let m(f) = -f**3 + 3*f**2 + f - 167. Let b be m(0). Let s = 311 - b. Suppose -t - 48 = -4*a - 181, s = 4*t + 2*a. List the prime factors of t.
11
Let d(n) = 26*n + 68. Suppose 14*z - 8*z = 72. List the prime factors of d(z).
2, 5, 19
List the prime factors of 5781/((144/162)/8).
3, 41, 47
Let o(s) be the first derivative of -6*s**2 + 6*s - 23. Let x be o(-6). Let k = x - 59. What are the prime factors of k?
19
Let f(p) = 8*p - 6. Let l be f(5). Let w be (-868)/2*(30 + -11)/(-38). Let o = w - l. What are the prime factors of o?
3, 61
Suppose 29445 = 13*m - 595348. What are the prime factors of m?
13, 3697
Let i be ((-4)/(-6))/((-26)/507). Let s = -12 - i. List the prime factors of 1 + s + -2 - (-114)/1.
2, 3, 19
Suppose 0 = 4*o + 20, -27149 = -3*s + 5*o + 117743. List the prime factors of s.
43, 1123
What are the prime factors of (7903*15/(-315))/((-2)/54)?
3, 1129
Let u(g) = 1177*g**2 - 607*g - 2407. List the prime factors of u(-4).
17, 1109
Let j(q) = q**3 + 6*q**2 + 9. Let z be 90*(8/12 + (-1 - -1)). Suppose 5*w + z = -5*w. What are the prime factors of j(w)?
3
Let p(q) = 4*q**2 - 2 + 3*q**2 + q - 4 - 5*q**2. Let a be p(2). Suppose -a*d = -9*d + 15. What are the prime factors of d?
3
Let o(q) = -649*q - 26. Let i be o(-4). Suppose 231*c = 226*c + i. List the prime factors of c.
2, 257
Suppose -f - f = 3*t - 16, -2*f + 3*t = 8. Let p(d) = 6*d - 23. Let c(n) = -31*n + 116. Let a(i) = f*c(i) + 11*p(i). What are the prime factors of a(12)?
3
Suppose -131 = 8*r - 11. What are the prime factors of (-3365)/r + 6/9?
3, 5
Let k(f) = f**2 - 8*f - 61. Let u be k(-5). Suppose r - u*r - d + 439 = 0, 0 = -r - 4*d + 161. List the prime factors of r.
5, 29
Let j = -223 - -227. Let l = j + 125. What are the prime factors of l?
3, 43
Let y = 1 - -38. Let m = -35 + y. Suppose -6*w = -m*w - 164. List the prime factors of w.
2, 41
Let m be (0 + 0)*(-4 - (-7)/2). Suppose m*t + 207 = t - 2*y, 5*t = -y + 1046. Suppose t = 2*v + i, -3*i - i = -4. List the prime factors of v.
2, 13
Let g(b) = 11*b**2 - 8*b + 26. Let w(x) = -x**2 + x. Let l(i) = g(i) - 2*w(i). What are the prime factors of l(4)?
2, 97
Suppose -27*n - 14*n + 35000 = -237609. List the prime factors of n.
61, 109
Suppose -5*r - 2096 = -3*v + 3371, -4*v = r + 1075. Let q = r + 1614. List the prime factors of q.
523
Suppose 0 = 914*m - 915*m + 383. Suppose -372*n - 1617 = -m*n. What are the prime factors of n?
3, 7
Suppose 161*v = 151*v + 121290. Suppose -v = 70*r - 83*r. What are the prime factors of r?
3, 311
Let o(b) = -2*b - 1. Let n be o(-3). Let x(a) = 61*a + 31957 - 61*a - 31977 + 23*a. List the prime factors of x(n).
5, 19
Let p(v) = -v**2 - 35*v - 95. Let h be p(-32). List the prime factors of (84/6)/h*10.
2, 5, 7
Let s(f) = -7*f + 133. Let m be s(20). Let c(x) = -128*x - 34. List the prime factors of c(m).
2, 431
Let u = 238 + -278. What are the prime factors of 748 + u/25*5/2?
2, 3, 31
Suppose 880 = 7*t - 2*t. Let g = t - -71. List the prime 